and 428?
428
What is the highest common divisor of 189354 and 772332?
66
What is the highest common factor of 114636612 and 996?
996
Calculate the greatest common divisor of 171276 and 105828.
12
Calculate the greatest common divisor of 535 and 18768335.
535
Calculate the greatest common factor of 22919451 and 776.
97
What is the highest common factor of 2704 and 2256644?
52
What is the highest common divisor of 313 and 337446239?
313
Calculate the greatest common divisor of 2730 and 1351562030.
910
What is the highest common divisor of 1270 and 14710?
10
What is the highest common divisor of 201681 and 3096?
9
Calculate the greatest common divisor of 503 and 40375307.
503
What is the greatest common divisor of 84 and 33977370?
42
What is the greatest common factor of 33 and 154693?
11
Calculate the highest common divisor of 498 and 14286.
6
What is the highest common factor of 189 and 775143?
27
What is the highest common divisor of 564 and 1832812?
188
What is the greatest common divisor of 79396835 and 1435?
35
Calculate the greatest common divisor of 1998225 and 5063.
83
What is the highest common factor of 715 and 3732391?
13
Calculate the highest common factor of 6882 and 149172.
186
Calculate the greatest common divisor of 103 and 251402297.
103
Calculate the highest common divisor of 1965531 and 18582.
57
What is the highest common divisor of 236052 and 447868?
332
Calculate the highest common factor of 30013961 and 9364.
2341
What is the highest common divisor of 191842 and 133409?
71
What is the highest common factor of 38798 and 4192226?
2042
Calculate the greatest common divisor of 17549 and 7120316.
763
Calculate the highest common divisor of 18719668 and 176.
44
Calculate the greatest common divisor of 24078051 and 9711.
747
What is the highest common divisor of 21392 and 875936?
16
Calculate the highest common factor of 57458283 and 2108.
527
Calculate the highest common factor of 1314 and 2690262.
18
Calculate the highest common divisor of 14560 and 410774.
182
What is the highest common factor of 188 and 431140?
4
Calculate the highest common divisor of 23143536 and 1080.
216
Calculate the highest common factor of 68231 and 56019.
71
What is the greatest common factor of 97273 and 6619822?
2629
What is the greatest common divisor of 261746 and 40?
2
What is the highest common factor of 171 and 496356?
57
Calculate the greatest common factor of 56 and 37461564.
28
Calculate the highest common factor of 156 and 7618494.
78
What is the highest common factor of 52 and 338249626?
26
Calculate the highest common divisor of 9257449 and 1598.
47
Calculate the highest common divisor of 2200 and 34301300.
1100
What is the highest common factor of 48440 and 556210?
10
Calculate the highest common divisor of 5094597 and 657.
219
What is the highest common factor of 220906 and 31094?
14
What is the greatest common factor of 303564444 and 24?
12
What is the greatest common divisor of 531 and 9737419?
59
What is the highest common factor of 19909247 and 282?
47
What is the highest common factor of 22348 and 172420?
148
What is the highest common divisor of 4177218738 and 4361?
4361
Calculate the highest common factor of 50 and 1541445775.
25
What is the greatest common divisor of 189140 and 408905?
245
Calculate the greatest common divisor of 77 and 31967749.
11
Calculate the highest common factor of 19479 and 190533.
129
What is the highest common divisor of 495 and 3000569?
11
Calculate the highest common divisor of 493162 and 502903.
191
Calculate the greatest common divisor of 9985090 and 610.
610
What is the greatest common divisor of 391872 and 13408?
32
What is the greatest common divisor of 1864260 and 168300?
180
Calculate the greatest common factor of 209078968 and 224.
56
Calculate the highest common divisor of 36 and 1534419.
9
What is the highest common divisor of 3585 and 351355?
5
What is the greatest common divisor of 384962620 and 40?
20
Calculate the greatest common factor of 38052 and 23042124.
252
What is the greatest common divisor of 12669 and 391590344?
4223
What is the highest common factor of 2464 and 2590049?
77
Calculate the greatest common divisor of 280 and 100100560.
280
Calculate the greatest common divisor of 5616 and 58864.
208
Calculate the greatest common factor of 258 and 21492174.
258
Calculate the highest common factor of 4389 and 31138758.
399
What is the greatest common divisor of 4624 and 363953?
17
What is the highest common factor of 273 and 1326129?
21
What is the greatest common factor of 303555 and 3099565?
2065
What is the highest common divisor of 2079627 and 17861?
337
What is the greatest common divisor of 32 and 4867064?
8
What is the greatest common divisor of 2048587 and 2461?
23
What is the greatest common factor of 45 and 210135?
15
Calculate the greatest common divisor of 79408 and 12192.
16
Calculate the greatest common divisor of 2140296 and 650625.
1041
What is the greatest common factor of 159408 and 11270736?
5904
Calculate the highest common divisor of 437306156 and 56.
28
What is the greatest common factor of 426440 and 18760?
280
Calculate the greatest common divisor of 74178 and 408330.
234
Calculate the highest common factor of 399 and 3099416439.
399
What is the highest common factor of 48024236 and 208?
52
What is the greatest common divisor of 19136 and 9996766?
598
Calculate the greatest common divisor of 2280 and 3442.
2
What is the highest common factor of 150 and 879705?
15
What is the highest common factor of 486676 and 26588?
1156
Calculate the highest common divisor of 192 and 595668.
12
Calculate the greatest common divisor of 56210 and 10293.
73
What is the highest common factor of 237 and 3986639805?
237
What is the greatest common factor of 261027 and 2806713?
2691
Calculate the greatest common factor of 1000 and 637645.
5
Calculate the greatest common divisor of 4078 and 138939499.
2039
Calculate the greatest common divisor of 21877720 and 70.
10
What is the greatest common divisor of 99718510 and 9340?
4670
What is the greatest common divisor of 513 and 30487419?
171
What is the highest common divisor of 21566280 and 6?
6
Calculate the greatest common divisor of 48230 and 358540.
910
Calculate the highest common factor of 3926 and 123552.
26
Calculate the highest common divisor of 16819552 and 17840.
3568
What is the highest common divisor of 371 and 34383485?
53
What is the highest common divisor of 28270996 and 127426?
4394
What is the greatest common divisor of 3108910868 and 28?
28
What is the highest common factor of 783 and 5193291?
87
What is the greatest common factor of 3616 and 25758576?
1808
Calculate the greatest common factor of 9272 and 7968.
8
What is the highest common divisor of 55990389 and 8472?
1059
What is the greatest common factor of 7600689 and 103329?
2403
What is the highest common divisor of 960 and 3865605?
15
Calculate the highest common factor of 18205152 and 3864.
168
Calculate the greatest common factor of 54 and 383.
1
What is the greatest common divisor of 53544 and 121992?
552
What is the highest common factor of 62655 and 137895?
15
What is the highest common factor of 82 and 1380845478?
82
What is the highest common factor of 285561 and 14103?
9
Calculate the greatest common factor of 30907 and 20119.
31
Calculate the highest common divisor of 2368002 and 14.
14
Calculate the greatest common factor of 1966720 and 5040.
560
What is the highest common factor of 429 and 3074604?
39
What is the highest common factor of 12108165 and 2987?
103
Calculate the highest common factor of 46307703 and 873.
291
What is the greatest common divisor of 4296636 and 90738?
1278
Calculate the highest common divisor of 30150 and 6690.
30
What is the highest common factor of 2992012 and 164?
4
Calculate the highest common divisor of 1066965 and 300.
15
What is the highest common divisor of 6632 and 13240?
8
What is the highest common factor of 3726840 and 5070?
390
Calculate the highest common factor of 37895 and 3182465.
715
Calculate the highest common factor of 1776443178 and 1758.
1758
What is the highest common factor of 19530 and 43992270?
630
Calculate the greatest common factor of 12 and 10705537.
1
Calculate the highest common divis